{"id":91,"date":"2020-11-09T21:47:48","date_gmt":"2020-11-09T20:47:48","guid":{"rendered":"https:\/\/www.nikowoehlk.de\/?page_id=91"},"modified":"2021-03-30T09:00:52","modified_gmt":"2021-03-30T07:00:52","slug":"vita","status":"publish","type":"page","link":"https:\/\/www.nikowoehlk.dk\/de\/vita\/","title":{"rendered":"Vita"},"content":{"rendered":"\n<div class=\"wp-block-columns is-layout-flex wp-container-core-columns-is-layout-9d6595d7 wp-block-columns-is-layout-flex\">\n<div class=\"wp-block-column is-layout-flow wp-block-column-is-layout-flow\">\n<figure class=\"wp-block-image size-large\"><img loading=\"lazy\" decoding=\"async\" width=\"1024\" height=\"857\" src=\"https:\/\/www.nikowoehlk.dk\/wp-content\/uploads\/2020\/11\/offenefeldscheune-1024x857.png\" alt=\"Offene Feldscheune, 1912, Radierung, 22,8 x 28,2 (Druck), Blattma\u00df (nicht ermittelt), bez. u. r. im Druck: N WOEHLK 1912 und u. r. auf dem Papier: N. W\u00f6hlk, Privatbesitz\" class=\"wp-image-42\" srcset=\"https:\/\/www.nikowoehlk.dk\/wp-content\/uploads\/2020\/11\/offenefeldscheune-1024x857.png 1024w, https:\/\/www.nikowoehlk.dk\/wp-content\/uploads\/2020\/11\/offenefeldscheune-300x251.png 300w, https:\/\/www.nikowoehlk.dk\/wp-content\/uploads\/2020\/11\/offenefeldscheune-768x643.png 768w, https:\/\/www.nikowoehlk.dk\/wp-content\/uploads\/2020\/11\/offenefeldscheune-1536x1285.png 1536w, https:\/\/www.nikowoehlk.dk\/wp-content\/uploads\/2020\/11\/offenefeldscheune-2048x1714.png 2048w, https:\/\/www.nikowoehlk.dk\/wp-content\/uploads\/2020\/11\/offenefeldscheune-72x60.png 72w\" sizes=\"auto, (max-width: 1024px) 100vw, 1024px\" \/><figcaption><em>Offene Feldscheune, 1912<\/em><br>Radierung, 22,8 x 28,2 (Druck), Blattma\u00df (nicht ermittelt), Privatbesitz<\/figcaption><\/figure>\n<\/div>\n\n\n\n<div class=\"wp-block-column is-layout-flow wp-block-column-is-layout-flow\">\n<p class=\"block has-medium-font-size\"><strong>1887<\/strong><br>Am 2. Mai in Schleswig geboren. Er war das dritte von sechs Kindern des Schleswiger B\u00e4ckers Josias Christian W\u00f6hlk und seiner Frau Auguste Christine (geb. Jessen).<\/p>\n\n\n\n<p class=\"block has-medium-font-size\"><strong>1905<\/strong><br>Beginn des Kunststudiums zun\u00e4chst an der Kunstgewerbeschule Hamburg, sp\u00e4ter auch in M\u00fcnchen, unterbrochen vom Milit\u00e4rpflichtdienst 1909\u201310. Studienreisen in Deutschland und dem europ\u00e4ischen Ausland.<\/p>\n<\/div>\n<\/div>\n\n\n\n<div class=\"wp-block-columns is-layout-flex wp-container-core-columns-is-layout-9d6595d7 wp-block-columns-is-layout-flex\">\n<div class=\"wp-block-column is-layout-flow wp-block-column-is-layout-flow\">\n<p class=\"block has-medium-font-size\"><strong>1914<\/strong><br>Als Soldat im Ersten Weltkrieg. 1916 Entlassung aus dem Milit\u00e4r aus gesundheitlichen Gr\u00fcnden.<\/p>\n\n\n\n<p class=\"block has-medium-font-size\"><strong>1916<\/strong><br>Zeichenlehrer in Husum. Beginn der engen Freundschaft mit dem zw\u00f6lf Jahre j\u00fcngeren, sp\u00e4teren Maler und Regisseur Hans Holtorf. Vermutlich durch Holtorf Kontakt zur Jugendbewegung Wandervogel.<\/p>\n<\/div>\n\n\n\n<div class=\"wp-block-column is-layout-flow wp-block-column-is-layout-flow\">\n<figure class=\"wp-block-image size-large\"><img loading=\"lazy\" decoding=\"async\" width=\"1024\" height=\"959\" src=\"https:\/\/www.nikowoehlk.dk\/wp-content\/uploads\/2020\/11\/zweiwandervoegeljungsamstrand-1024x959.png\" alt=\"Zwei Wanderv\u00f6gel-Jungs am Strand, Tempera auf Papier, 29 x 34,3 cm, unbez., Privatbesitz\" class=\"wp-image-53\" srcset=\"https:\/\/www.nikowoehlk.dk\/wp-content\/uploads\/2020\/11\/zweiwandervoegeljungsamstrand-1024x959.png 1024w, https:\/\/www.nikowoehlk.dk\/wp-content\/uploads\/2020\/11\/zweiwandervoegeljungsamstrand-300x281.png 300w, https:\/\/www.nikowoehlk.dk\/wp-content\/uploads\/2020\/11\/zweiwandervoegeljungsamstrand-768x719.png 768w, https:\/\/www.nikowoehlk.dk\/wp-content\/uploads\/2020\/11\/zweiwandervoegeljungsamstrand-1536x1438.png 1536w, https:\/\/www.nikowoehlk.dk\/wp-content\/uploads\/2020\/11\/zweiwandervoegeljungsamstrand-64x60.png 64w, https:\/\/www.nikowoehlk.dk\/wp-content\/uploads\/2020\/11\/zweiwandervoegeljungsamstrand.png 1890w\" sizes=\"auto, (max-width: 1024px) 100vw, 1024px\" \/><figcaption><em>Zwei Wanderv\u00f6gel-Jungs am Strand<\/em><br>Tempera auf Papier, 29 x 34,3 cm, Privatbesitz<\/figcaption><\/figure>\n<\/div>\n<\/div>\n\n\n\n<div class=\"wp-block-columns is-layout-flex wp-container-core-columns-is-layout-9d6595d7 wp-block-columns-is-layout-flex\">\n<div class=\"wp-block-column is-layout-flow wp-block-column-is-layout-flow\">\n<p class=\"block has-medium-font-size\"><strong>1919<\/strong><br>Wechsel an die Deutsche Schule in Apenrade als Zeichen- und Turnlehrer. Aufgabe der Anstellung nach kurzer Zeit. Aufbau einer eigenen Wandervogel-Gruppe. In den folgenden Jahren zahlreiche Reisen mit \u201eseinen\u201c Wanderv\u00f6geln.<\/p>\n\n\n\n<p class=\"block has-medium-font-size\"><strong>1922\/23<\/strong><br>Reise mit einem Frachtdampfer aus Apenrade durch die Biscaya-Bucht, \u00fcber Nordafrika nach Indien.<\/p>\n<\/div>\n\n\n\n<div class=\"wp-block-column is-layout-flow wp-block-column-is-layout-flow\">\n<figure class=\"wp-block-image size-large\"><img loading=\"lazy\" decoding=\"async\" width=\"1024\" height=\"970\" src=\"https:\/\/www.nikowoehlk.dk\/wp-content\/uploads\/2020\/11\/biskayamond-1024x970.png\" alt=\"Biskaya-Mond, um 1923-26, \u00d6l auf Leinwand, 90 x 100 cm, unbez., Privatbesitz\" class=\"wp-image-28\" srcset=\"https:\/\/www.nikowoehlk.dk\/wp-content\/uploads\/2020\/11\/biskayamond-1024x970.png 1024w, https:\/\/www.nikowoehlk.dk\/wp-content\/uploads\/2020\/11\/biskayamond-300x284.png 300w, https:\/\/www.nikowoehlk.dk\/wp-content\/uploads\/2020\/11\/biskayamond-768x728.png 768w, https:\/\/www.nikowoehlk.dk\/wp-content\/uploads\/2020\/11\/biskayamond-1536x1455.png 1536w, https:\/\/www.nikowoehlk.dk\/wp-content\/uploads\/2020\/11\/biskayamond-63x60.png 63w, https:\/\/www.nikowoehlk.dk\/wp-content\/uploads\/2020\/11\/biskayamond.png 1983w\" sizes=\"auto, (max-width: 1024px) 100vw, 1024px\" \/><figcaption><em>Biskaya-Mond, um 1923-26<\/em><br>\u00d6l auf Leinwand, 90 x 100 cm, unbez., Privatbesitz<\/figcaption><\/figure>\n<\/div>\n<\/div>\n\n\n\n<div class=\"wp-block-columns is-layout-flex wp-container-core-columns-is-layout-9d6595d7 wp-block-columns-is-layout-flex\">\n<div class=\"wp-block-column is-layout-flow wp-block-column-is-layout-flow\">\n<figure class=\"wp-block-image size-large\"><img loading=\"lazy\" decoding=\"async\" width=\"765\" height=\"1024\" src=\"https:\/\/www.nikowoehlk.dk\/wp-content\/uploads\/2020\/11\/twerholerweihnachtshaus-765x1024.png\" alt=\"Twerholer Weihnachtshaus 1937, 1937, Tempera auf Papier, kaschiert auf Karton, 31 x 24,5 (Papier), 33,3 x 24,5 (Karton), bez. u. r.: Niko W\u00f6hl 1937, Privatbesitz\" class=\"wp-image-50\" srcset=\"https:\/\/www.nikowoehlk.dk\/wp-content\/uploads\/2020\/11\/twerholerweihnachtshaus-765x1024.png 765w, https:\/\/www.nikowoehlk.dk\/wp-content\/uploads\/2020\/11\/twerholerweihnachtshaus-224x300.png 224w, https:\/\/www.nikowoehlk.dk\/wp-content\/uploads\/2020\/11\/twerholerweihnachtshaus-768x1028.png 768w, https:\/\/www.nikowoehlk.dk\/wp-content\/uploads\/2020\/11\/twerholerweihnachtshaus-1147x1536.png 1147w, https:\/\/www.nikowoehlk.dk\/wp-content\/uploads\/2020\/11\/twerholerweihnachtshaus-1529x2048.png 1529w, https:\/\/www.nikowoehlk.dk\/wp-content\/uploads\/2020\/11\/twerholerweihnachtshaus-45x60.png 45w, https:\/\/www.nikowoehlk.dk\/wp-content\/uploads\/2020\/11\/twerholerweihnachtshaus.png 1772w\" sizes=\"auto, (max-width: 765px) 100vw, 765px\" \/><figcaption><em>&#8222;Twerholer Weihnachtshaus 1937&#8220;<\/em><br>Tempera auf Papier, kaschiert auf Karton, 31 x 24,5 cm (Papier), 33,3 x 24,5 cm (Karton), Privatbesitz<\/figcaption><\/figure>\n<\/div>\n\n\n\n<div class=\"wp-block-column is-layout-flow wp-block-column-is-layout-flow\">\n<p class=\"block has-medium-font-size\"><strong>1945-4<\/strong>7<br>Wiederholte Internierung als Deutscher in D\u00e4nemark. Enteignung seines Hauses.<\/p>\n\n\n\n<p class=\"block has-medium-font-size\"><strong>1950<\/strong><br>Am 23. Mai im Haus \u201eTwerhol\u201c bei Apenrade gestorben. Seine letzte Ruhest\u00e4tte befindet sich auf dem Michaelis Friedhof in Schleswig.<\/p>\n<\/div>\n<\/div>\n\n\n\n<div class=\"wp-block-columns is-layout-flex wp-container-core-columns-is-layout-9d6595d7 wp-block-columns-is-layout-flex\">\n<div class=\"wp-block-column is-layout-flow wp-block-column-is-layout-flow\" style=\"flex-basis:25%\"><\/div>\n\n\n\n<div class=\"wp-block-column is-layout-flow wp-block-column-is-layout-flow\" style=\"flex-basis:50%\">\n<figure class=\"wp-block-image size-large\"><img loading=\"lazy\" decoding=\"async\" width=\"765\" height=\"1024\" src=\"https:\/\/www.nikowoehlk.dk\/wp-content\/uploads\/2020\/11\/tabakblumen-765x1024.png\" alt=\"Tabakblumen 1949, Mischtechnik auf Spanplatte, 37 x 27,5 cm, bez. u. r.: Niko W\u00f6hlk 1949, Privatbesitz\" class=\"wp-image-48\" srcset=\"https:\/\/www.nikowoehlk.dk\/wp-content\/uploads\/2020\/11\/tabakblumen-765x1024.png 765w, https:\/\/www.nikowoehlk.dk\/wp-content\/uploads\/2020\/11\/tabakblumen-224x300.png 224w, https:\/\/www.nikowoehlk.dk\/wp-content\/uploads\/2020\/11\/tabakblumen-768x1028.png 768w, https:\/\/www.nikowoehlk.dk\/wp-content\/uploads\/2020\/11\/tabakblumen-1147x1536.png 1147w, https:\/\/www.nikowoehlk.dk\/wp-content\/uploads\/2020\/11\/tabakblumen-1530x2048.png 1530w, https:\/\/www.nikowoehlk.dk\/wp-content\/uploads\/2020\/11\/tabakblumen-45x60.png 45w, https:\/\/www.nikowoehlk.dk\/wp-content\/uploads\/2020\/11\/tabakblumen.png 1654w\" sizes=\"auto, (max-width: 765px) 100vw, 765px\" \/><figcaption><em>Tabakblumen, 1949<\/em><br>Mischtechnik auf Spanplatte, 37 x 27,5 cm, Privatbesitz<\/figcaption><\/figure>\n<\/div>\n\n\n\n<div class=\"wp-block-column is-layout-flow wp-block-column-is-layout-flow\" style=\"flex-basis:25%\"><\/div>\n<\/div>\n\n\n\n<p><\/p>\n","protected":false},"excerpt":{"rendered":"<p>1887Am 2. Mai in Schleswig geboren. Er war das dritte von sechs Kindern des Schleswiger B\u00e4ckers Josias Christian W\u00f6hlk und seiner Frau Auguste Christine (geb. Jessen). 1905Beginn des Kunststudiums zun\u00e4chst an der Kunstgewerbeschule Hamburg, sp\u00e4ter auch in M\u00fcnchen, unterbrochen vom Milit\u00e4rpflichtdienst 1909\u201310. Studienreisen in Deutschland und dem europ\u00e4ischen Ausland. 1914Als Soldat im Ersten Weltkrieg. 1916 &hellip; <\/p>\n","protected":false},"author":1,"featured_media":0,"parent":0,"menu_order":0,"comment_status":"closed","ping_status":"closed","template":"","meta":{"footnotes":""},"class_list":["post-91","page","type-page","status-publish","hentry"],"translation":{"provider":"WPGlobus","version":"3.0.2","language":"de","enabled_languages":["da","de"],"languages":{"da":{"title":true,"content":true,"excerpt":false},"de":{"title":true,"content":true,"excerpt":false}}},"_links":{"self":[{"href":"https:\/\/www.nikowoehlk.dk\/de\/wp-json\/wp\/v2\/pages\/91","targetHints":{"allow":["GET"]}}],"collection":[{"href":"https:\/\/www.nikowoehlk.dk\/de\/wp-json\/wp\/v2\/pages"}],"about":[{"href":"https:\/\/www.nikowoehlk.dk\/de\/wp-json\/wp\/v2\/types\/page"}],"author":[{"embeddable":true,"href":"https:\/\/www.nikowoehlk.dk\/de\/wp-json\/wp\/v2\/users\/1"}],"replies":[{"embeddable":true,"href":"https:\/\/www.nikowoehlk.dk\/de\/wp-json\/wp\/v2\/comments?post=91"}],"version-history":[{"count":33,"href":"https:\/\/www.nikowoehlk.dk\/de\/wp-json\/wp\/v2\/pages\/91\/revisions"}],"predecessor-version":[{"id":714,"href":"https:\/\/www.nikowoehlk.dk\/de\/wp-json\/wp\/v2\/pages\/91\/revisions\/714"}],"wp:attachment":[{"href":"https:\/\/www.nikowoehlk.dk\/de\/wp-json\/wp\/v2\/media?parent=91"}],"curies":[{"name":"wp","href":"https:\/\/api.w.org\/{rel}","templated":true}]}}

<div class="wp-block-columns is-layout-flex wp-container-core-columns-is-layout-9d6595d7 wp-block-columns-is-layout-flex">
<div class="wp-block-column is-layout-flow wp-block-column-is-layout-flow">
<figure class="wp-block-image size-large"><img loading="lazy" decoding="async" width="1024" height="857" src="https://www.nikowoehlk.dk/wp-content/uploads/2020/11/offenefeldscheune-1024x857.png" alt="Offene Feldscheune, 1912, Radierung, 22,8 x 28,2 (Druck), Blattmaß (nicht ermittelt), bez. u. r. im Druck: N WOEHLK 1912 und u. r. auf dem Papier: N. Wöhlk, Privatbesitz" class="wp-image-42" srcset="https://www.nikowoehlk.dk/wp-content/uploads/2020/11/offenefeldscheune-1024x857.png 1024w, https://www.nikowoehlk.dk/wp-content/uploads/2020/11/offenefeldscheune-300x251.png 300w, https://www.nikowoehlk.dk/wp-content/uploads/2020/11/offenefeldscheune-768x643.png 768w, https://www.nikowoehlk.dk/wp-content/uploads/2020/11/offenefeldscheune-1536x1285.png 1536w, https://www.nikowoehlk.dk/wp-content/uploads/2020/11/offenefeldscheune-2048x1714.png 2048w, https://www.nikowoehlk.dk/wp-content/uploads/2020/11/offenefeldscheune-72x60.png 72w" sizes="auto, (max-width: 1024px) 100vw, 1024px" /><figcaption><em>Offene Feldscheune, 1912</em><br>Radierung, 22,8 x 28,2 (Druck), Blattmaß (nicht ermittelt), Privatbesitz</figcaption></figure>
</div>



<div class="wp-block-column is-layout-flow wp-block-column-is-layout-flow">
<p class="block has-medium-font-size"><strong>1887</strong><br>Am 2. Mai in Schleswig geboren. Er war das dritte von sechs Kindern des Schleswiger Bäckers Josias Christian Wöhlk und seiner Frau Auguste Christine (geb. Jessen).</p>



<p class="block has-medium-font-size"><strong>1905</strong><br>Beginn des Kunststudiums zunächst an der Kunstgewerbeschule Hamburg, später auch in München, unterbrochen vom Militärpflichtdienst 1909–10. Studienreisen in Deutschland und dem europäischen Ausland.</p>
</div>
</div>



<div class="wp-block-columns is-layout-flex wp-container-core-columns-is-layout-9d6595d7 wp-block-columns-is-layout-flex">
<div class="wp-block-column is-layout-flow wp-block-column-is-layout-flow">
<p class="block has-medium-font-size"><strong>1914</strong><br>Als Soldat im Ersten Weltkrieg. 1916 Entlassung aus dem Militär aus gesundheitlichen Gründen.</p>



<p class="block has-medium-font-size"><strong>1916</strong><br>Zeichenlehrer in Husum. Beginn der engen Freundschaft mit dem zwölf Jahre jüngeren, späteren Maler und Regisseur Hans Holtorf. Vermutlich durch Holtorf Kontakt zur Jugendbewegung Wandervogel.</p>
</div>



<div class="wp-block-column is-layout-flow wp-block-column-is-layout-flow">
<figure class="wp-block-image size-large"><img loading="lazy" decoding="async" width="1024" height="959" src="https://www.nikowoehlk.dk/wp-content/uploads/2020/11/zweiwandervoegeljungsamstrand-1024x959.png" alt="Zwei Wandervögel-Jungs am Strand, Tempera auf Papier, 29 x 34,3 cm, unbez., Privatbesitz" class="wp-image-53" srcset="https://www.nikowoehlk.dk/wp-content/uploads/2020/11/zweiwandervoegeljungsamstrand-1024x959.png 1024w, https://www.nikowoehlk.dk/wp-content/uploads/2020/11/zweiwandervoegeljungsamstrand-300x281.png 300w, https://www.nikowoehlk.dk/wp-content/uploads/2020/11/zweiwandervoegeljungsamstrand-768x719.png 768w, https://www.nikowoehlk.dk/wp-content/uploads/2020/11/zweiwandervoegeljungsamstrand-1536x1438.png 1536w, https://www.nikowoehlk.dk/wp-content/uploads/2020/11/zweiwandervoegeljungsamstrand-64x60.png 64w, https://www.nikowoehlk.dk/wp-content/uploads/2020/11/zweiwandervoegeljungsamstrand.png 1890w" sizes="auto, (max-width: 1024px) 100vw, 1024px" /><figcaption><em>Zwei Wandervögel-Jungs am Strand</em><br>Tempera auf Papier, 29 x 34,3 cm, Privatbesitz</figcaption></figure>
</div>
</div>



<div class="wp-block-columns is-layout-flex wp-container-core-columns-is-layout-9d6595d7 wp-block-columns-is-layout-flex">
<div class="wp-block-column is-layout-flow wp-block-column-is-layout-flow">
<p class="block has-medium-font-size"><strong>1919</strong><br>Wechsel an die Deutsche Schule in Apenrade als Zeichen- und Turnlehrer. Aufgabe der Anstellung nach kurzer Zeit. Aufbau einer eigenen Wandervogel-Gruppe. In den folgenden Jahren zahlreiche Reisen mit „seinen“ Wandervögeln.</p>



<p class="block has-medium-font-size"><strong>1922/23</strong><br>Reise mit einem Frachtdampfer aus Apenrade durch die Biscaya-Bucht, über Nordafrika nach Indien.</p>
</div>



<div class="wp-block-column is-layout-flow wp-block-column-is-layout-flow">
<figure class="wp-block-image size-large"><img loading="lazy" decoding="async" width="1024" height="970" src="https://www.nikowoehlk.dk/wp-content/uploads/2020/11/biskayamond-1024x970.png" alt="Biskaya-Mond, um 1923-26, Öl auf Leinwand, 90 x 100 cm, unbez., Privatbesitz" class="wp-image-28" srcset="https://www.nikowoehlk.dk/wp-content/uploads/2020/11/biskayamond-1024x970.png 1024w, https://www.nikowoehlk.dk/wp-content/uploads/2020/11/biskayamond-300x284.png 300w, https://www.nikowoehlk.dk/wp-content/uploads/2020/11/biskayamond-768x728.png 768w, https://www.nikowoehlk.dk/wp-content/uploads/2020/11/biskayamond-1536x1455.png 1536w, https://www.nikowoehlk.dk/wp-content/uploads/2020/11/biskayamond-63x60.png 63w, https://www.nikowoehlk.dk/wp-content/uploads/2020/11/biskayamond.png 1983w" sizes="auto, (max-width: 1024px) 100vw, 1024px" /><figcaption><em>Biskaya-Mond, um 1923-26</em><br>Öl auf Leinwand, 90 x 100 cm, unbez., Privatbesitz</figcaption></figure>
</div>
</div>



<div class="wp-block-columns is-layout-flex wp-container-core-columns-is-layout-9d6595d7 wp-block-columns-is-layout-flex">
<div class="wp-block-column is-layout-flow wp-block-column-is-layout-flow">
<figure class="wp-block-image size-large"><img loading="lazy" decoding="async" width="765" height="1024" src="https://www.nikowoehlk.dk/wp-content/uploads/2020/11/twerholerweihnachtshaus-765x1024.png" alt="Twerholer Weihnachtshaus 1937, 1937, Tempera auf Papier, kaschiert auf Karton, 31 x 24,5 (Papier), 33,3 x 24,5 (Karton), bez. u. r.: Niko Wöhl 1937, Privatbesitz" class="wp-image-50" srcset="https://www.nikowoehlk.dk/wp-content/uploads/2020/11/twerholerweihnachtshaus-765x1024.png 765w, https://www.nikowoehlk.dk/wp-content/uploads/2020/11/twerholerweihnachtshaus-224x300.png 224w, https://www.nikowoehlk.dk/wp-content/uploads/2020/11/twerholerweihnachtshaus-768x1028.png 768w, https://www.nikowoehlk.dk/wp-content/uploads/2020/11/twerholerweihnachtshaus-1147x1536.png 1147w, https://www.nikowoehlk.dk/wp-content/uploads/2020/11/twerholerweihnachtshaus-1529x2048.png 1529w, https://www.nikowoehlk.dk/wp-content/uploads/2020/11/twerholerweihnachtshaus-45x60.png 45w, https://www.nikowoehlk.dk/wp-content/uploads/2020/11/twerholerweihnachtshaus.png 1772w" sizes="auto, (max-width: 765px) 100vw, 765px" /><figcaption><em>&#8222;Twerholer Weihnachtshaus 1937&#8220;</em><br>Tempera auf Papier, kaschiert auf Karton, 31 x 24,5 cm (Papier), 33,3 x 24,5 cm (Karton), Privatbesitz</figcaption></figure>
</div>



<div class="wp-block-column is-layout-flow wp-block-column-is-layout-flow">
<p class="block has-medium-font-size"><strong>1945-4</strong>7<br>Wiederholte Internierung als Deutscher in Dänemark. Enteignung seines Hauses.</p>



<p class="block has-medium-font-size"><strong>1950</strong><br>Am 23. Mai im Haus „Twerhol“ bei Apenrade gestorben. Seine letzte Ruhestätte befindet sich auf dem Michaelis Friedhof in Schleswig.</p>
</div>
</div>



<div class="wp-block-columns is-layout-flex wp-container-core-columns-is-layout-9d6595d7 wp-block-columns-is-layout-flex">
<div class="wp-block-column is-layout-flow wp-block-column-is-layout-flow" style="flex-basis:25%"></div>



<div class="wp-block-column is-layout-flow wp-block-column-is-layout-flow" style="flex-basis:50%">
<figure class="wp-block-image size-large"><img loading="lazy" decoding="async" width="765" height="1024" src="https://www.nikowoehlk.dk/wp-content/uploads/2020/11/tabakblumen-765x1024.png" alt="Tabakblumen 1949, Mischtechnik auf Spanplatte, 37 x 27,5 cm, bez. u. r.: Niko Wöhlk 1949, Privatbesitz" class="wp-image-48" srcset="https://www.nikowoehlk.dk/wp-content/uploads/2020/11/tabakblumen-765x1024.png 765w, https://www.nikowoehlk.dk/wp-content/uploads/2020/11/tabakblumen-224x300.png 224w, https://www.nikowoehlk.dk/wp-content/uploads/2020/11/tabakblumen-768x1028.png 768w, https://www.nikowoehlk.dk/wp-content/uploads/2020/11/tabakblumen-1147x1536.png 1147w, https://www.nikowoehlk.dk/wp-content/uploads/2020/11/tabakblumen-1530x2048.png 1530w, https://www.nikowoehlk.dk/wp-content/uploads/2020/11/tabakblumen-45x60.png 45w, https://www.nikowoehlk.dk/wp-content/uploads/2020/11/tabakblumen.png 1654w" sizes="auto, (max-width: 765px) 100vw, 765px" /><figcaption><em>Tabakblumen, 1949</em><br>Mischtechnik auf Spanplatte, 37 x 27,5 cm, Privatbesitz</figcaption></figure>
</div>



<div class="wp-block-column is-layout-flow wp-block-column-is-layout-flow" style="flex-basis:25%"></div>
</div>



<p></p>

<p>1887Am 2. Mai in Schleswig geboren. Er war das dritte von sechs Kindern des Schleswiger Bäckers Josias Christian Wöhlk und seiner Frau Auguste Christine (geb. Jessen). 1905Beginn des Kunststudiums zunächst an der Kunstgewerbeschule Hamburg, später auch in München, unterbrochen vom Militärpflichtdienst 1909–10. Studienreisen in Deutschland und dem europäischen Ausland. 1914Als Soldat im Ersten Weltkrieg. 1916 &hellip; </p>
